 Suppose -5*b = -s*x - 255, x + 4*x = 0. What is the tens digit of b?
5
Let n(v) = -v**3 + 4*v**2 + 10*v + 8. Let y be n(6). Let c be (33/y)/(2/8). Let m = -13 - c. What is the tens digit of m?
2
Let t = 2622 + 185. What is the hundreds digit of t?
8
Suppose -3*m = -l + 6, 0 = -2*m + 2*l + l + 3. Let d = m - 4. Let p = 14 + d. What is the units digit of p?
7
Let o be ((1 - 0) + 7)/(-2). Let q(x) = -2*x**3 - 5*x**2. What is the units digit of q(o)?
8
Let m(n) = n**2 - 4. Let k be (-1)/(-2)*4/(-2). Let b = k + 4. What is the units digit of m(b)?
5
Suppose 21*n + 15 = 24*n. Let m = n + 14. What is the tens digit of m?
1
Let d = 37 + -34. Suppose -d*v - 2*r + 329 = 0, -4*v - 5*r = -10*r - 454. What is the hundreds digit of v?
1
Let n(d) = 10*d + 3*d**2 + 17*d + 5 - 17*d. What is the units digit of n(-5)?
0
Suppose 5*c + 2*i = 0, c - 8 = -2*i - 0*i. What is the units digit of 3 + -2 - (-88 - c)?
7
Suppose 6916 = -3*r + 7*r - 4*b, b = -3*r + 5207. Suppose -10*p + 4*p = -r. What is the tens digit of p?
8
Suppose 104 - 37 = 5*j + 2*n, -2*j + 31 = 5*n. Let h = j - -81. What is the units digit of h?
4
Let m = -15 + 12. Let d be 20/m*18/(-4). Suppose c - d = -c. What is the tens digit of c?
1
Suppose -4*j = -8, 2*x + 4*j + 467 = 7*x. Suppose -x - 245 = -4*i. What is the units digit of i?
5
Let h be 1 - (-2 + (3 - 0)). Suppose -19*z + 18 + 286 = 0. Suppose 2*a + 4*f + 0*f - z = h, 0 = 3*a - 5*f - 79. What is the tens digit of a?
1
Suppose -10*a + 3922 + 548 = 0. What is the hundreds digit of a?
4
Let a be (1 - (-1)/(-1))/2. Suppose a = -4*t + t - 18. Let p = t - -14. What is the units digit of p?
8
Let m(c) = -5*c - 37. Let p(a) = 3*a + 18. Let w(o) = -4*m(o) - 9*p(o). What is the tens digit of w(-7)?
3
Let w(i) = -i**2 + 16*i - 3. Let q be w(15). Let y be q*(-3 - (-65)/20). Suppose -7 = -3*k - m + 30, -y*k + m + 47 = 0. What is the tens digit of k?
1
Let o = 184 + -171. Let c(y) be the first derivative of y**3/3 - 6*y**2 + 3*y - 1. What is the units digit of c(o)?
6
What is the tens digit of 2/(-3) - (14690/(-30) - -3)?
8
Let t(m) = -568*m - 24. What is the units digit of t(-2)?
2
Suppose -5*c = 3*d - 1778, -8*c - 4*d = -5*c - 1069. What is the units digit of c?
5
Suppose 6*f - 2*f + 280 = 0. Let h = 47 + f. Let r = h - -46. What is the units digit of r?
3
What is the tens digit of -4*(-433)/24 - 5/30?
7
Suppose 0 = -5*c - 2*n - 183, c + 15 = 4*n + n. Let z = c - -68. What is the units digit of z?
3
Let a = -1756 + 3195. What is the hundreds digit of a?
4
Let n = 11 + -11. Suppose n = q + c - 20, 0 = 5*q + c - 3*c - 86. What is the tens digit of q?
1
Suppose -j + 4*y = 4*j - 3880, 5*j - 3835 = -5*y. What is the units digit of j?
2
Suppose -20 = 5*q + 4*m, 0 = q + 4*q + 5*m + 25. Suppose q = -2*i - 0*i - s + 83, i = -2*s + 34. What is the tens digit of i?
4
Let f = -31 - -26. Let r(h) be the first derivative of -h**2 - 2*h - 1. What is the units digit of r(f)?
8
Let b(u) = u + 8*u - 5*u - 12. Let q(h) = -2*h**3 - h**2 + 2*h. Let v be q(-2). What is the tens digit of b(v)?
2
Let b(g) = -3*g**2 + 2*g - 1. Let j be b(5). What is the tens digit of (44/j)/(4/(-282))?
4
Let m(a) = -a**2 + 10*a - 6. Let b be m(9). Suppose -7 + 43 = b*j. What is the tens digit of (8/(-12) + 2)*j?
1
What is the tens digit of 2130 + (0 - -4 - -4)?
3
Let z be 530/(-25) + (-4)/5. Let i(m) = -15*m - 74. What is the tens digit of i(z)?
5
What is the tens digit of (1 - 4778/6)*6/(-2)?
8
Let p be 25/4 + 9 - 2/8. Let y(t) = 9*t**2 - 2*t - 1. Let v be y(-1). Suppose v*u = p*u - 195. What is the units digit of u?
9
Suppose u - 2*u + 867 = 3*m, -3*u + 2*m = -2634. What is the units digit of u?
6
Let d = 1369 + 867. What is the hundreds digit of d?
2
Let q(p) be the second derivative of -p**4/12 - 13*p**3/6 - 7*p**2/2 + 3*p. Let x be q(-11). Let h = x - 2. What is the tens digit of h?
1
Let c(d) = -d**3 + 12*d**2 + 20*d + 15. What is the hundreds digit of c(10)?
4
Suppose 45*w = 5*n + 48*w - 4524, 5*n = -5*w + 4530. What is the hundreds digit of n?
9
Let f(r) = -3*r - 14. Let j be f(-6). Suppose 3*q = -d - 90 + j, -323 = 4*d + 5*q. What is the units digit of 2/(-11) - 168/d?
2
Let c(x) = 115*x**2 + 2*x + 2. Let r = 65 + -66. What is the hundreds digit of c(r)?
1
Let h = 121 - 11. Let w = -77 + 2. Let c = w + h. What is the tens digit of c?
3
Let z(f) = -f**3 - 9*f**2 - 14. Let n be (1 + -21)*2/4. Let b be z(n). Suppose b + 28 = 2*x. What is the tens digit of x?
5
What is the tens digit of (2 - 33)/(5/(-50)) - 0?
1
Let w(b) = b**3 + 9*b**2 - 8*b + 7. What is the units digit of w(-9)?
9
Let f(z) = -z**3 - 2*z**2 + z - 1. Let t be f(-3). Let x = -94 - -172. What is the tens digit of 2/t + x/5?
1
Let g be 3/15 + 395/(-75)*-3. Suppose -g*u - 9 = -19*u. What is the units digit of u?
3
Suppose -48*n + 47118 = -45138. What is the thousands digit of n?
1
What is the tens digit of (-43)/((18/81)/(4/(-6)))?
2
Let x(k) = -5*k**3 + 6 - 7*k**2 + 2*k**3 + 4*k**3 + 8*k. Let l be x(6). Suppose 4*d - 138 = -l. What is the units digit of d?
0
Let k(o) = 2*o**3 - 11*o**2 - 3*o + 16. What is the tens digit of k(8)?
1
Let s be 0 + (16 - (4 + -3)). Let c = -3 - 2. What is the units digit of s/1 - 10/c?
7
Suppose -4*a = -0*a - 12. Suppose -5*p = y - 144, 2*p + 2*p + a*y - 124 = 0. What is the tens digit of p?
2
Let n = -21 - -28. Suppose -n*o + 459 = -3*o - m, -5*o + 572 = -3*m. What is the hundreds digit of o?
1
Suppose -y = -f + 2, 0 = -0*f - 2*f - 2*y + 20. Let w(j) = 5*j + 8. Let n(g) = 4*g + 7. Let b(k) = f*n(k) - 5*w(k). What is the tens digit of b(-10)?
1
Let b(x) be the first derivative of 3*x**2/2 + 17*x - 16. What is the tens digit of b(10)?
4
Suppose -u - 4*u - 120 = 0. Let o = -60 - -56. What is the units digit of (228/u)/(2/o)?
9
What is the hundreds digit of (6 - 442/(-6))/((-2)/(-24))?
9
Suppose -5*v + 20 = -5. Suppose -4*t - 727 = -5*d, -v*d + 4*d = t - 149. What is the tens digit of d?
4
Let d = 1309 - -1093. What is the thousands digit of d?
2
Let k(v) = 5*v + 9. Let u be k(-6). Let y = 30 + u. Suppose 0*t - y = l - 2*t, 2*t = 10. What is the units digit of l?
1
Suppose -8 = 6*m - 4*m. Let u(g) = -g**3 - 4*g**2 - 5*g - 3. What is the tens digit of u(m)?
1
Let b(w) = w**2 + 26*w + 39. Let l be b(-23). What is the units digit of (285/l)/((-1)/4)?
8
Let w = -56 - -71. Let y(m) = m**3 - 15*m**2 + 2*m + 5. What is the units digit of y(w)?
5
Let b be (((-30)/4)/5)/((-6)/1208). Suppose -26 = -4*c + b. What is the units digit of c?
2
Let d be -3*4/(-6) - 0. Let k(j) = -10*j**2 - 2*j + 3*j - j**3 + 3*j**d + 7 - 4*j. What is the tens digit of k(-7)?
2
Let u(r) = -r**2 - 13*r + 27. Let h be u(-14). Suppose h*b + 135 = 16*b. What is the tens digit of b?
4
Let z = 1111 + 609. What is the tens digit of z?
2
Let s(n) be the second derivative of n**4/6 + 8*n**3/3 + 13*n**2/2 + 3*n + 12. Suppose 3*h + 50 = -2*h. What is the tens digit of s(h)?
5
Let n(s) = -30*s**3 - 13*s**2 - s - 16. What is the thousands digit of n(-4)?
1
Let a be 46/(-161) + 2578/7. Suppose -a = -3*t - t. What is the tens digit of t?
9
Let r = 265 - -22. What is the hundreds digit of r?
2
Suppose -d + 16 = d. Let k = -30 + 32. What is the units digit of (-4)/d - (-13)/k?
6
Let d = 61 + 29. Let c = -65 + d. What is the units digit of c?
5
Suppose 0 = -5*p + 4*a + 34, 0 = p - 2*p + 2*a + 8. Suppose -4*b = p - 154. What is the tens digit of b?
3
Suppose -1332 + 204 = -3*j. What is the units digit of j?
6
What is the hundreds digit of 2 + -4 - -459 - -6?
4
Suppose -z - 78 = -0*d - d, 0 = -2*z + 5*d - 144. Let p = 162 + z. Let y = -52 + p. What is the tens digit of y?
2
Let y = 32 - 28. Suppose -y*h - h + 126 = -3*d, 0 = -4*d - 8. What is the units digit of h?
4
What is the hundreds digit of (4956/(-70))/(4/(-60))?
0
What is the tens digit of ((-1530)/20)/((-3)/4)?
0
Suppose 2*o + 0*o = 0. Suppose o = j + 5*j - 162. What is the tens digit of j?
2
Let f = -3 + 6. Suppose -2*v + 19 = 5*y, 6 = 3*v - y + 3. What is the units digit of 21/v*8/f?
8
Let w be (4/(-3))/(1/15). What is the units digit of (-1 - (w/(-12) - 2))*-159?
6
Let q(v) = -48*v - 7. Let c be q(-4). Suppose 0*s + 5*x = -2*s + c, -4*x = -12. What is the units digit of s?
5
Let y = -990 + 1241. What is the hundreds digit of y?
2
Let a = 85 + -55. Suppose a = 2*x - x. Let m = x - 23. What